2?
2, 71, 83, 3847
List the prime factors of 767209244.
2, 71, 811, 3331
What are the prime factors of 147786235?
5, 29557247
What are the prime factors of 1570696310?
2, 5, 157069631
List the prime factors of 281107037.
281107037
What are the prime factors of 3417418806?
2, 3, 569569801
List the prime factors of 298151370.
2, 3, 5, 11, 457, 659
What are the prime factors of 25367529?
3, 11, 6353
What are the prime factors of 2985840722?
2, 47, 491, 64693
What are the prime factors of 5947340455?
5, 7, 937, 3701
What are the prime factors of 12398181?
3, 79, 52313
What are the prime factors of 593204777?
11, 53927707
List the prime factors of 34520924.
2, 8630231
List the prime factors of 532268466.
2, 3, 6367, 13933
What are the prime factors of 28534815?
3, 5, 211369
What are the prime factors of 176541831?
3, 337, 58207
What are the prime factors of 95496978?
2, 3, 83, 113, 1697
List the prime factors of 81548892.
2, 3, 23, 149, 661
List the prime factors of 22645166.
2, 71, 159473
List the prime factors of 178879412.
2, 44719853
List the prime factors of 12646782.
2, 3, 702599
List the prime factors of 1168195904.
2, 47, 388363
What are the prime factors of 418080751?
11, 38007341
List the prime factors of 610678191.
3, 47, 4331051
What are the prime factors of 919806172?
2, 229951543
List the prime factors of 827554444.
2, 23, 181, 49697
What are the prime factors of 953108448?
2, 3, 9928213
List the prime factors of 67013828.
2, 7, 2393351
What are the prime factors of 55090608?
2, 3, 17, 181, 373
What are the prime factors of 168713375?
5, 1349707
What are the prime factors of 95000181?
3, 227, 139501
List the prime factors of 317614543.
457, 694999
List the prime factors of 214224005.
5, 149, 287549
What are the prime factors of 4764440529?
3, 529382281
List the prime factors of 517325707.
517325707
What are the prime factors of 184635176?
2, 11, 47, 44641
List the prime factors of 3919563935.
5, 7, 317, 541, 653
List the prime factors of 320653967.
43, 59, 97, 1303
List the prime factors of 98118018.
2, 3, 5451001
List the prime factors of 148560024.
2, 3, 109, 521
List the prime factors of 88011229.
88011229
What are the prime factors of 318704893?
13, 31, 790831
List the prime factors of 52525226.
2, 13, 47, 53, 811
What are the prime factors of 1150646696?
2, 359, 400643
What are the prime factors of 6581883867?
3, 13, 101, 1670953
What are the prime factors of 10538125?
5, 13, 1297
What are the prime factors of 1344899540?
2, 5, 67244977
What are the prime factors of 1076387117?
13, 73, 419, 2707
What are the prime factors of 360497675?
5, 617, 23371
List the prime factors of 44745076.
2, 19, 397, 1483
List the prime factors of 420803776.
2, 6575059
What are the prime factors of 140119887?
3, 23, 113, 17971
What are the prime factors of 2490454591?
83, 30005477
List the prime factors of 10460540.
2, 5, 563, 929
List the prime factors of 257743309.
1847, 139547
List the prime factors of 4273600.
2, 5, 2671
List the prime factors of 125821349.
37, 3400577
List the prime factors of 1876124607.
3, 7, 17, 5255251
What are the prime factors of 278218029?
3, 92739343
List the prime factors of 6341891534.
2, 11, 5011, 57527
What are the prime factors of 23960018?
2, 59, 203051
List the prime factors of 73829214.
2, 3, 4101623
What are the prime factors of 262426934?
2, 7, 11, 71, 24001
What are the prime factors of 229428666?
2, 3, 283, 15013
What are the prime factors of 4444363533?
3, 17, 811, 107453
List the prime factors of 5393689239.
3, 19, 94626127
List the prime factors of 57485659.
7, 11, 19, 39293
List the prime factors of 117315427.
117315427
List the prime factors of 50097981.
3, 16699327
List the prime factors of 160855536.
2, 3, 61, 137, 401
What are the prime factors of 39009742?
2, 19504871
What are the prime factors of 1358103526?
2, 13, 52234751
What are the prime factors of 973668051?
3, 108185339
What are the prime factors of 44427466?
2, 22213733
What are the prime factors of 7955199?
3, 7, 859
List the prime factors of 68847275.
5, 7, 393413
What are the prime factors of 3056030149?
30203, 101183
List the prime factors of 379678880.
2, 5, 7, 338999
List the prime factors of 635780167.
11, 57798197
What are the prime factors of 54861644?
2, 311, 44101
What are the prime factors of 2803514664?
2, 3, 3187, 36653
What are the prime factors of 291604439?
7, 2143, 2777
What are the prime factors of 392521527?
3, 353, 123551
List the prime factors of 7052945004.
2, 3, 7, 27987877
What are the prime factors of 663419932?
2, 7, 2293, 10333
What are the prime factors of 651578395?
5, 13, 10024283
What are the prime factors of 269227044?
2, 3, 2492843
List the prime factors of 495489145.
5, 99097829
List the prime factors of 57497038.
2, 37, 776987
List the prime factors of 112465320.
2, 3, 5, 11, 85201
List the prime factors of 301225674.
2, 3, 50204279
List the prime factors of 1983801.
3, 661267
List the prime factors of 302718526.
2, 11, 19, 65837
List the prime factors of 4472997746.
2, 7, 19, 41, 410141
List the prime factors of 41928237.
3, 13, 223, 1607
List the prime factors of 627356914.
2, 313678457
What are the prime factors of 780032575?
5, 7, 29, 153701
List the prime factors of 1661777207.
1661777207
What are the prime factors of 6868854685?
5, 7, 11, 17841181
What are the prime factors of 532740613?
532740613
List the prime factors of 1962641578.
2, 981320789
List the prime factors of 13580895.
3, 5, 709, 1277
List the prime factors of 62994148.
2, 7, 23, 29, 3373
What are the prime factors of 1562765982?
2, 3, 617, 422141
List the prime factors of 11518422.
2, 3, 31, 61927
List the prime factors of 309237029.
1429, 216401
What are the prime factors of 13701460?
2, 5, 685073
What are the prime factors of 735184729?
313, 2348833
What are the prime factors of 33927972?
2, 3, 13, 79, 2753
List the prime factors of 6680110352.
2, 417506897
List the prime factors of 136172780.
2, 5, 6808639
List the prime factors of 49761496.
2, 6220187
List the prime factors of 13674182.
2, 461, 14831
List the prime factors of 3525294.
2, 3, 587549
List the prime factors of 4582991499.
3, 29983, 50951
List the prime factors of 235997813.
4957, 47609
List the prime factors of 745426273.
653, 1141541
List the prime factors of 305415748.
2, 11, 67, 211, 491
List the prime factors of 445360146.
2, 3, 7, 11, 61, 15803
What are the prime factors of 84570814?
2, 2741, 15427
What are the prime factors of 2101294860?
2, 3, 5, 7, 17, 151, 1949
What are the prime factors of 2108986286?
2, 11, 1303, 73571
What are the prime factors of 864894271?
571, 1514701
List the prime factors of 49029433.
107, 458219
What are the prime factors of 532168798?
2, 7, 101, 373, 1009
What are the prime factors of 577537884?
2, 3, 7, 11, 37, 1877
What are the prime factors of 6414909891?
3, 13, 37, 647, 6871
What are the prime factors of 122713614?
2, 3, 2207, 3089
List the prime factors of 1970384930.
2, 5, 19, 23, 1249
List the prime factors of 5022778.
2, 2511389
What are the prime factors of 1042376997?
3, 23, 83, 182011
What are the prime factors of 149625671?
13, 885359
What are the prime factors of 182688313?
29, 373, 16889
What are the prime factors of 30776804?
2, 109, 70589
List the prime factors of 981963242.
2, 13, 23, 1642079
What are the prime factors of 47398052?
2, 13, 359, 2539
List the prime factors of 648096735.
3, 5, 11, 13, 302143
List the prime factors of 54130286.
2, 7, 317, 12197
List the prime factors of 81368840.
2, 5, 7, 71, 4093
What are the prime factors of 185347725?
3, 5, 269, 9187
What are the prime factors of 75470077?
75470077
What are the prime factors of 70813657?
4391, 16127
What are the prime factors of 39167219?
7, 13, 61487
What are the prime factors of 1678505218?
2, 13, 359, 179827
List the prime factors of 8724858.
2, 3, 1454143
What are the prime factors of 121908090?
2, 3, 5, 4063603
List the prime factors of 11751028.
2, 2937757
What are the prime factors of 41128416?
2, 3, 7, 23, 887
What are the prime factors of 89462055?
3, 5, 2243, 2659
What are the prime factors of 103879793?
4051, 25643
List the prime factors of 117629730.
2, 3, 5, 1306997
What are the prime factors of 4388537475?
3, 5, 7, 31, 3329
List the